ime factors of 144971778.
2, 3, 7, 151, 22859
What are the prime factors of 16860549?
3, 17, 19447
What are the prime factors of 67167324?
2, 3, 7, 47, 53, 107
List the prime factors of 2820353.
337, 8369
What are the prime factors of 333913223?
7, 179, 266491
List the prime factors of 10375816.
2, 11, 157, 751
What are the prime factors of 2913092614?
2, 673, 827, 2617
What are the prime factors of 39624236?
2, 137, 72307
List the prime factors of 763656363.
3, 2999, 9431
List the prime factors of 527402154.
2, 3, 87900359
List the prime factors of 8134566299.
53, 331, 463693
What are the prime factors of 279284174?
2, 13, 1511, 7109
What are the prime factors of 289448846?
2, 109, 1091, 1217
List the prime factors of 193358799.
3, 17, 47, 8963
List the prime factors of 199945920.
2, 3, 5, 208277
What are the prime factors of 62315522?
2, 31157761
What are the prime factors of 1075969811?
7, 167, 920419
List the prime factors of 183167513.
183167513
What are the prime factors of 501795148?
2, 353, 355379
List the prime factors of 929312031.
3, 309770677
What are the prime factors of 65338468?
2, 13, 883, 1423
What are the prime factors of 25665210?
2, 3, 5, 31, 9199
What are the prime factors of 158626465?
5, 227, 139759
List the prime factors of 26703793.
401, 66593
List the prime factors of 119695558.
2, 47, 331, 3847
What are the prime factors of 1710257560?
2, 5, 11, 353359
What are the prime factors of 25422377?
2953, 8609
List the prime factors of 97873398.
2, 3, 7, 829, 937
List the prime factors of 235572899.
59, 3992761
List the prime factors of 1588809151.
24023, 66137
List the prime factors of 3100840591.
36097, 85903
List the prime factors of 928533574.
2, 17, 37, 73, 10111
List the prime factors of 152850548.
2, 23, 389, 4271
List the prime factors of 21552055.
5, 7, 615773
What are the prime factors of 252990196?
2, 191, 269, 1231
List the prime factors of 85480936.
2, 103, 227, 457
What are the prime factors of 97926674?
2, 149, 373, 881
List the prime factors of 115469596.
2, 11, 2624309
What are the prime factors of 100276572?
2, 3, 11, 69061
What are the prime factors of 70538970?
2, 3, 5, 929, 2531
List the prime factors of 31328068.
2, 103, 76039
List the prime factors of 13558481.
13558481
What are the prime factors of 273210587?
13, 17, 131, 9437
List the prime factors of 3809402236.
2, 97, 9818047
List the prime factors of 60179667.
3, 73, 283, 971
What are the prime factors of 256692691?
256692691
List the prime factors of 292382954.
2, 37, 3951121
What are the prime factors of 70562829?
3, 29, 811067
List the prime factors of 2537621214.
2, 3, 1049, 403181
What are the prime factors of 559715007?
3, 137, 953, 1429
List the prime factors of 40568639.
41, 989479
List the prime factors of 4142870.
2, 5, 97, 4271
List the prime factors of 803263.
19, 67, 631
List the prime factors of 1231547927.
1667, 738781
What are the prime factors of 154896780?
2, 3, 5, 2581613
List the prime factors of 9649128.
2, 3, 409, 983
What are the prime factors of 1365152316?
2, 3, 11, 10342063
List the prime factors of 1402098500.
2, 5, 11, 254927
List the prime factors of 9968988.
2, 3, 197, 4217
List the prime factors of 15763636.
2, 7, 562987
What are the prime factors of 3064247133?
3, 149, 6855139
List the prime factors of 9262078980.
2, 3, 5, 7, 11, 286397
List the prime factors of 6598865638.
2, 863, 3823213
What are the prime factors of 290434601?
290434601
List the prime factors of 75683065.
5, 17, 521, 1709
List the prime factors of 37776814.
2, 47, 479, 839
List the prime factors of 281054810.
2, 5, 127, 221303
What are the prime factors of 3444791963?
43, 73, 677, 1621
What are the prime factors of 1212145381?
1212145381
What are the prime factors of 35350326?
2, 3, 11, 178537
List the prime factors of 1995199873.
59, 33816947
What are the prime factors of 68652377?
19, 107, 33769
List the prime factors of 67061634.
2, 3, 17, 179, 3673
List the prime factors of 1314059066.
2, 657029533
List the prime factors of 72754305.
3, 5, 13, 17, 1291
What are the prime factors of 3694215111?
3, 1543, 798059
List the prime factors of 30413303.
30413303
What are the prime factors of 261603735?
3, 5, 17, 1025897
What are the prime factors of 85904752?
2, 97, 55351
What are the prime factors of 87904347?
3, 3797, 7717
List the prime factors of 1182994788.
2, 3, 23, 4286213
What are the prime factors of 1140969702?
2, 3, 137, 1388041
What are the prime factors of 5765572514?
2, 13, 221752789
List the prime factors of 716502764.
2, 179125691
What are the prime factors of 163077068?
2, 7, 11, 529471
List the prime factors of 71969337.
3, 11, 443, 547
List the prime factors of 343963895.
5, 11, 6253889
What are the prime factors of 34825188?
2, 3, 2902099
List the prime factors of 5897759.
7, 17, 29, 1709
List the prime factors of 37456121.
23, 71, 22937
List the prime factors of 30907752.
2, 3, 281, 4583
List the prime factors of 723968065.
5, 3221, 44953
What are the prime factors of 155969003?
23, 1171, 5791
List the prime factors of 57568051.
57568051
List the prime factors of 30336210.
2, 3, 5, 337069
List the prime factors of 64793055.
3, 5, 2027, 2131
What are the prime factors of 4014899670?
2, 3, 5, 133829989
What are the prime factors of 24623107?
19, 1295953
What are the prime factors of 187095833?
41, 263, 17351
List the prime factors of 1060607137.
2699, 392963
What are the prime factors of 1194452469?
3, 7, 2708509
List the prime factors of 1752476388.
2, 3, 13, 67, 107, 1567
List the prime factors of 18160954.
2, 7, 1297211
What are the prime factors of 211237573?
19, 83, 133949
List the prime factors of 35039609.
11, 181, 17599
What are the prime factors of 164522193?
3, 11, 4985521
List the prime factors of 1701825592.
2, 19, 11196221
List the prime factors of 2489495289.
3, 829831763
What are the prime factors of 661316149?
13, 31, 227, 7229
List the prime factors of 1503561682.
2, 7, 149, 157, 4591
What are the prime factors of 25209072?
2, 3, 7, 89, 281
List the prime factors of 195604130.
2, 5, 29, 47, 113, 127
What are the prime factors of 81787454?
2, 7, 5841961
List the prime factors of 5025130430.
2, 5, 502513043
List the prime factors of 4237116156.
2, 3, 7, 13, 47903
List the prime factors of 1197144481.
13, 1091, 84407
List the prime factors of 33812747.
33812747
List the prime factors of 623403332.
2, 155850833
List the prime factors of 81777232.
2, 71, 71987
What are the prime factors of 579008225?
5, 617, 37537
What are the prime factors of 330583258?
2, 17, 719, 13523
List the prime factors of 2332040188.
2, 73, 7986439
What are the prime factors of 1324219161?
3, 441406387
What are the prime factors of 2476302859?
439, 5640781
List the prime factors of 48848493.
3, 193, 239, 353
What are the prime factors of 4738789367?
13, 364522259
List the prime factors of 84439966.
2, 13, 67, 48473
List the prime factors of 23930111.
929, 25759
What are the prime factors of 2425736896?
2, 11, 3445649
What are the prime factors of 288398768?
2, 7, 47, 54787
What are the prime factors of 89873795?
5, 11, 1634069
List the prime factors of 55646922.
2, 3, 31, 41, 7297
List the prime factors of 21284915.
5, 439, 9697
What are the prime factors of 212290749?
3, 11, 151, 1291
List the prime factors of 190479605.
5, 83, 458987
What are the prime factors of 19824337?
13, 151, 10099
List the prime factors of 61734766.
2, 41, 109, 6907
List the prime factors of 135071.
19, 7109
What are the prime factors of 37723369?
79, 477511
What are the prime factors of 128052977?
13, 331, 29759
What are the prime factors of 223183186?
2, 37, 163, 18503
List the prime factors of 392739687.
3, 1361, 32063
What are the prime factors of 442999297?
13, 23, 1481603
What are the prime factors of 65117423?
7, 1328927
List the prime factors of 547528846.
2, 23, 761, 15641
What are the prime factors of 20696749?
29, 713681
List the prime factors of 446990966.
2, 223495483
What are the prime factors of 239932940?
2, 5, 13, 59, 15641
What are the prime factors of 6927597696?
2, 3, 367, 49157
List the prime factors of 234866332.
2, 47, 193, 6473
List the prime factors of 1037630234.
2, 23, 3191, 7069
List the prime factors of 1709790645.
3, 5, 149, 765007
Lis